{"id":10,"date":"2025-08-07T15:21:30","date_gmt":"2025-08-07T15:21:30","guid":{"rendered":"https:\/\/espaceintegra.ch\/?page_id=10"},"modified":"2025-10-03T12:06:11","modified_gmt":"2025-10-03T12:06:11","slug":"accueil","status":"publish","type":"page","link":"https:\/\/espaceintegra.ch\/","title":{"rendered":"Accueil"},"content":{"rendered":"\n<p class=\"wp-block-paragraph\"><br><\/p>\n\n\n\n<div class=\"wp-block-cover alignfull is-light\" style=\"padding-top:2%;min-height:598px;aspect-ratio:unset;\"><img loading=\"lazy\" decoding=\"async\" width=\"1024\" height=\"1021\" class=\"wp-block-cover__image-background wp-image-72 size-large\" alt=\"\" src=\"https:\/\/espaceintegra.ch\/wp-content\/uploads\/2025\/08\/Terra_Peia3-2-1024x1021.jpg\" style=\"object-position:60% 0%\" data-object-fit=\"cover\" data-object-position=\"60% 0%\" srcset=\"https:\/\/espaceintegra.ch\/wp-content\/uploads\/2025\/08\/Terra_Peia3-2-1024x1021.jpg 1024w, https:\/\/espaceintegra.ch\/wp-content\/uploads\/2025\/08\/Terra_Peia3-2-300x300.jpg 300w, https:\/\/espaceintegra.ch\/wp-content\/uploads\/2025\/08\/Terra_Peia3-2-150x150.jpg 150w, https:\/\/espaceintegra.ch\/wp-content\/uploads\/2025\/08\/Terra_Peia3-2-768x766.jpg 768w, https:\/\/espaceintegra.ch\/wp-content\/uploads\/2025\/08\/Terra_Peia3-2-1536x1532.jpg 1536w, https:\/\/espaceintegra.ch\/wp-content\/uploads\/2025\/08\/Terra_Peia3-2-2048x2043.jpg 2048w\" sizes=\"auto, (max-width: 1024px) 100vw, 1024px\" \/><span aria-hidden=\"true\" class=\"wp-block-cover__background has-background-dim\" style=\"background-color:#faedf4\"><\/span><div class=\"wp-block-cover__inner-container has-global-padding is-layout-constrained wp-container-core-cover-is-layout-36acc372 wp-block-cover-is-layout-constrained\">\n<div class=\"wp-block-group alignwide is-vertical is-content-justification-center is-layout-flex wp-container-core-group-is-layout-eedd5f1d wp-block-group-is-layout-flex\" style=\"min-height:35rem\">\n<div class=\"wp-block-group has-global-padding is-layout-constrained wp-container-core-group-is-layout-f8fd5b82 wp-block-group-is-layout-constrained\">\n<h3 class=\"wp-block-heading has-text-align-center has-text-color\" style=\"color:#187a06;margin-bottom:1rem;font-size:clamp(3.615rem, 3.615rem + ((1vw - 0.2rem) * 7.064), 7.5rem);font-style:normal;font-weight:400;line-height:1;text-transform:none\">INTEGRA<\/h3>\n\n\n\n<p class=\"has-text-color has-link-color wp-elements-1 wp-block-paragraph\" style=\"color:#fefefe\"><\/p>\n\n\n\n<p class=\"has-text-align-center has-text-color has-link-color wp-elements-2 wp-block-paragraph\" style=\"color:#187a06;font-size:clamp(14.082px, 0.88rem + ((1vw - 3.2px) * 0.786), 21px);text-transform:capitalize\"><strong>S\u00c9JOURS D\u2019INT\u00c9GRATION ET DE SUIVI DES TH\u00c9RAPIES ASSIST\u00c9ES PAR PSYCH\u00c9D\u00c9LIQUES ET AUTRES EXP\u00c9RIENCES EN \u00c9TAT DE CONSCIENCE \u00c9LARGIE<\/strong>  <\/p>\n\n\n\n<p class=\"has-text-align-center has-text-color has-link-color wp-elements-3 wp-block-paragraph\" style=\"color:#187a06;font-size:clamp(14.082px, 0.88rem + ((1vw - 3.2px) * 0.786), 21px);text-transform:capitalize\"><strong>23.11-28.11 \/ 17.01-22.01 \/ 14.03-19.03 \/ mai: dates \u00e0 D\u00e9finir <\/strong><\/p>\n\n\n\n<p class=\"has-text-align-center has-text-color has-link-color wp-elements-4 wp-block-paragraph\" style=\"color:#187a06;font-size:clamp(14.082px, 0.88rem + ((1vw - 3.2px) * 0.786), 21px);text-transform:capitalize\"><\/p>\n\n\n\n<p class=\"has-text-align-center has-text-color has-link-color wp-elements-5 wp-block-paragraph\" style=\"color:#ffffff;font-size:clamp(0.875rem, 0.875rem + ((1vw - 0.2rem) * 0.591), 1.2rem);\"><\/p>\n<\/div>\n<\/div>\n<\/div><\/div>\n\n\n\n<section class=\"wp-block-group alignfull has-text-color has-background has-global-padding is-layout-constrained wp-container-core-group-is-layout-f6fe7577 wp-block-group-is-layout-constrained\" style=\"color:#112606;background-color:#fa98c899;margin-top:0rem;padding-right:1rem;padding-left:1rem;font-size:clamp(0.875rem, 0.875rem + ((1vw - 0.2rem) * 0.464), 1.13rem);font-style:normal;font-weight:400;line-height:1.5\">\n<div class=\"wp-block-group has-global-padding is-layout-constrained wp-container-core-group-is-layout-adc8232f wp-block-group-is-layout-constrained\" style=\"padding-top:5.01rem;padding-bottom:4.01rem\">\n<div class=\"wp-block-columns is-not-stacked-on-mobile is-layout-flex wp-container-core-columns-is-layout-b7e0327f wp-block-columns-is-layout-flex\">\n<div class=\"wp-block-column has-global-padding is-layout-constrained wp-container-core-column-is-layout-7b705ad2 wp-block-column-is-layout-constrained\" style=\"border-right-style:none;border-right-width:0px;padding-right:1rem;padding-left:1rem\">\n<h6 class=\"wp-block-heading has-text-align-center has-text-color has-hedvig-letters-serif-regular-font-family\" style=\"color:#20561e;margin-bottom:0.51rem;font-size:clamp(1.551rem, 1.551rem + ((1vw - 0.2rem) * 1.907), 2.6rem);line-height:1.3;text-transform:capitalize\"><strong>Lien<\/strong><\/h6>\n\n\n\n<p class=\"has-text-align-center has-text-color wp-block-paragraph\" style=\"color:#20561e;margin-top:0px;margin-bottom:1.77rem;font-size:clamp(0.875rem, 0.875rem + ((1vw - 0.2rem) * 0.409), 1.1rem);font-style:normal;font-weight:500;line-height:1.5\">connexion \u00e0 soi-m\u00eame, aux autres, \u00e0 la nature<\/p>\n<\/div>\n\n\n\n<div class=\"wp-block-column has-global-padding is-layout-constrained wp-container-core-column-is-layout-7b705ad2 wp-block-column-is-layout-constrained\" style=\"border-right-style:none;border-right-width:0px;padding-right:1rem;padding-left:1rem\">\n<h6 class=\"wp-block-heading has-text-align-center has-text-color has-hedvig-letters-serif-regular-font-family\" style=\"color:#20561e;margin-bottom:0.51rem;font-size:clamp(1.551rem, 1.551rem + ((1vw - 0.2rem) * 1.907), 2.6rem);line-height:1.3;text-transform:capitalize\"><strong>Nature<\/strong><\/h6>\n\n\n\n<p class=\"has-text-align-center has-text-color wp-block-paragraph\" style=\"color:#20561e;margin-top:0px;margin-bottom:1.77rem;font-size:clamp(0.875rem, 0.875rem + ((1vw - 0.2rem) * 0.409), 1.1rem);font-style:normal;font-weight:500;line-height:1.5\">for\u00eat, flore et animaux<\/p>\n<\/div>\n\n\n\n<div class=\"wp-block-column has-global-padding is-layout-constrained wp-container-core-column-is-layout-7b705ad2 wp-block-column-is-layout-constrained\" style=\"padding-right:1rem;padding-left:1rem\">\n<h6 class=\"wp-block-heading has-text-align-center has-text-color has-hedvig-letters-serif-regular-font-family\" style=\"color:#20561e;margin-bottom:0.51rem;font-size:clamp(1.551rem, 1.551rem + ((1vw - 0.2rem) * 1.907), 2.6rem);line-height:1.3;text-transform:capitalize\"><strong>Joie<\/strong><\/h6>\n\n\n\n<p class=\"has-text-align-center has-text-color wp-block-paragraph\" style=\"color:#20561e;margin-top:0px;margin-bottom:1.77rem;font-size:clamp(0.875rem, 0.875rem + ((1vw - 0.2rem) * 0.409), 1.1rem);font-style:normal;font-weight:500;line-height:1.5\">humour, jeux, danse, chant, activit\u00e9s artistiques et mouvement corporel<\/p>\n<\/div>\n<\/div>\n<\/div>\n<\/section>\n\n\n\n<div class=\"wp-block-cover alignfull is-light\"><span aria-hidden=\"true\" class=\"wp-block-cover__background has-background-dim-100 has-background-dim\" style=\"background-color:#f2f2f2\"><\/span><div class=\"wp-block-cover__inner-container has-global-padding is-layout-constrained wp-container-core-cover-is-layout-828a6807 wp-block-cover-is-layout-constrained\">\n<div class=\"wp-block-group alignfull has-text-color has-link-color wp-elements-6 has-global-padding is-layout-constrained wp-container-core-group-is-layout-8d189c29 wp-block-group-is-layout-constrained\" style=\"color:#20561e;padding-top:80px;padding-bottom:80px\">\n<div class=\"wp-block-columns alignwide is-layout-flex wp-container-core-columns-is-layout-f56f613f wp-block-columns-is-layout-flex\">\n<div class=\"wp-block-column is-layout-flow wp-block-column-is-layout-flow\" style=\"padding-right:10px;padding-left:10px;flex-basis:50%\">\n<div class=\"wp-block-group is-content-justification-center is-nowrap is-layout-flex wp-container-core-group-is-layout-88c01e81 wp-block-group-is-layout-flex\">\n<div class=\"wp-block-group has-global-padding is-content-justification-left is-layout-constrained wp-container-core-group-is-layout-6a6b8725 wp-block-group-is-layout-constrained\" style=\"padding-bottom:10px\">\n<h2 class=\"wp-block-heading has-text-color has-link-color wp-elements-7\" style=\"color:#187a06\"><strong>Notre vision<\/strong><\/h2>\n\n\n\n<p class=\"wp-block-paragraph\">Un lieu pilote en Suisse offrant des s\u00e9jours d\u2019int\u00e9gration d\u2019une \u00e0 4 semaines, m\u00ealant accompagnement th\u00e9rapeutique, vie communautaire, connexion \u00e0 la nature et suivi scientifique rigoureux, avec perspective de cr\u00e9ation d\u2019un mod\u00e8le reproductible.<\/p>\n\n\n\n<p class=\"wp-block-paragraph\"><\/p>\n\n\n\n<p class=\"wp-block-paragraph\"><\/p>\n<\/div>\n<\/div>\n<\/div>\n\n\n\n<div class=\"wp-block-column is-layout-flow wp-block-column-is-layout-flow\" style=\"padding-right:10px;padding-left:10px;flex-basis:50%\">\n<figure class=\"wp-block-image aligncenter size-full has-custom-border\"><img loading=\"lazy\" decoding=\"async\" width=\"2560\" height=\"1707\" src=\"https:\/\/espaceintegra.ch\/wp-content\/uploads\/2025\/08\/pexels-mrwson-4275885-1-scaled.jpg\" alt=\"\" class=\"wp-image-98\" style=\"border-radius:16px\" srcset=\"https:\/\/espaceintegra.ch\/wp-content\/uploads\/2025\/08\/pexels-mrwson-4275885-1-scaled.jpg 2560w, https:\/\/espaceintegra.ch\/wp-content\/uploads\/2025\/08\/pexels-mrwson-4275885-1-300x200.jpg 300w, https:\/\/espaceintegra.ch\/wp-content\/uploads\/2025\/08\/pexels-mrwson-4275885-1-1024x683.jpg 1024w, https:\/\/espaceintegra.ch\/wp-content\/uploads\/2025\/08\/pexels-mrwson-4275885-1-768x512.jpg 768w, https:\/\/espaceintegra.ch\/wp-content\/uploads\/2025\/08\/pexels-mrwson-4275885-1-1536x1024.jpg 1536w, https:\/\/espaceintegra.ch\/wp-content\/uploads\/2025\/08\/pexels-mrwson-4275885-1-2048x1365.jpg 2048w\" sizes=\"auto, (max-width: 2560px) 100vw, 2560px\" \/><\/figure>\n\n\n\n<div class=\"wp-block-group has-global-padding is-layout-constrained wp-block-group-is-layout-constrained\">\n<div class=\"wp-block-columns is-layout-flex wp-container-core-columns-is-layout-f56f613f wp-block-columns-is-layout-flex\">\n<div class=\"wp-block-column is-layout-flow wp-block-column-is-layout-flow\" style=\"flex-basis:100%\"><\/div>\n<\/div>\n<\/div>\n<\/div>\n<\/div>\n<\/div>\n<\/div><\/div>\n\n\n\n<p class=\"wp-block-paragraph\"><\/p>\n","protected":false},"excerpt":{"rendered":"<p>Lien connexion \u00e0 soi-m\u00eame, aux autres, \u00e0 la nature Nature for\u00eat, flore et animaux Joie humour, jeux, danse, chant, activit\u00e9s artistiques et mouvement corporel<\/p>\n","protected":false},"author":1,"featured_media":28,"parent":0,"menu_order":0,"comment_status":"closed","ping_status":"closed","template":"","meta":{"footnotes":""},"class_list":["post-10","page","type-page","status-publish","has-post-thumbnail","hentry"],"_links":{"self":[{"href":"https:\/\/espaceintegra.ch\/index.php?rest_route=\/wp\/v2\/pages\/10","targetHints":{"allow":["GET"]}}],"collection":[{"href":"https:\/\/espaceintegra.ch\/index.php?rest_route=\/wp\/v2\/pages"}],"about":[{"href":"https:\/\/espaceintegra.ch\/index.php?rest_route=\/wp\/v2\/types\/page"}],"author":[{"embeddable":true,"href":"https:\/\/espaceintegra.ch\/index.php?rest_route=\/wp\/v2\/users\/1"}],"replies":[{"embeddable":true,"href":"https:\/\/espaceintegra.ch\/index.php?rest_route=%2Fwp%2Fv2%2Fcomments&post=10"}],"version-history":[{"count":40,"href":"https:\/\/espaceintegra.ch\/index.php?rest_route=\/wp\/v2\/pages\/10\/revisions"}],"predecessor-version":[{"id":202,"href":"https:\/\/espaceintegra.ch\/index.php?rest_route=\/wp\/v2\/pages\/10\/revisions\/202"}],"wp:featuredmedia":[{"embeddable":true,"href":"https:\/\/espaceintegra.ch\/index.php?rest_route=\/wp\/v2\/media\/28"}],"wp:attachment":[{"href":"https:\/\/espaceintegra.ch\/index.php?rest_route=%2Fwp%2Fv2%2Fmedia&parent=10"}],"curies":[{"name":"wp","href":"https:\/\/api.w.org\/{rel}","templated":true}]}}

<p class="wp-block-paragraph"><br></p>



<div class="wp-block-cover alignfull is-light" style="padding-top:2%;min-height:598px;aspect-ratio:unset;"><img loading="lazy" decoding="async" width="1024" height="1021" class="wp-block-cover__image-background wp-image-72 size-large" alt="" src="https://espaceintegra.ch/wp-content/uploads/2025/08/Terra_Peia3-2-1024x1021.jpg" style="object-position:60% 0%" data-object-fit="cover" data-object-position="60% 0%" srcset="https://espaceintegra.ch/wp-content/uploads/2025/08/Terra_Peia3-2-1024x1021.jpg 1024w, https://espaceintegra.ch/wp-content/uploads/2025/08/Terra_Peia3-2-300x300.jpg 300w, https://espaceintegra.ch/wp-content/uploads/2025/08/Terra_Peia3-2-150x150.jpg 150w, https://espaceintegra.ch/wp-content/uploads/2025/08/Terra_Peia3-2-768x766.jpg 768w, https://espaceintegra.ch/wp-content/uploads/2025/08/Terra_Peia3-2-1536x1532.jpg 1536w, https://espaceintegra.ch/wp-content/uploads/2025/08/Terra_Peia3-2-2048x2043.jpg 2048w" sizes="auto, (max-width: 1024px) 100vw, 1024px" /><span aria-hidden="true" class="wp-block-cover__background has-background-dim" style="background-color:#faedf4"></span><div class="wp-block-cover__inner-container has-global-padding is-layout-constrained wp-container-core-cover-is-layout-36acc372 wp-block-cover-is-layout-constrained">
<div class="wp-block-group alignwide is-vertical is-content-justification-center is-layout-flex wp-container-core-group-is-layout-eedd5f1d wp-block-group-is-layout-flex" style="min-height:35rem">
<div class="wp-block-group has-global-padding is-layout-constrained wp-container-core-group-is-layout-f8fd5b82 wp-block-group-is-layout-constrained">
<h3 class="wp-block-heading has-text-align-center has-text-color" style="color:#187a06;margin-bottom:1rem;font-size:clamp(3.615rem, 3.615rem + ((1vw - 0.2rem) * 7.064), 7.5rem);font-style:normal;font-weight:400;line-height:1;text-transform:none">INTEGRA</h3>



<p class="has-text-color has-link-color wp-elements-1 wp-block-paragraph" style="color:#fefefe"></p>



<p class="has-text-align-center has-text-color has-link-color wp-elements-2 wp-block-paragraph" style="color:#187a06;font-size:clamp(14.082px, 0.88rem + ((1vw - 3.2px) * 0.786), 21px);text-transform:capitalize"><strong>SÉJOURS D’INTÉGRATION ET DE SUIVI DES THÉRAPIES ASSISTÉES PAR PSYCHÉDÉLIQUES ET AUTRES EXPÉRIENCES EN ÉTAT DE CONSCIENCE ÉLARGIE</strong>  </p>



<p class="has-text-align-center has-text-color has-link-color wp-elements-3 wp-block-paragraph" style="color:#187a06;font-size:clamp(14.082px, 0.88rem + ((1vw - 3.2px) * 0.786), 21px);text-transform:capitalize"><strong>23.11-28.11 / 17.01-22.01 / 14.03-19.03 / mai: dates à Définir </strong></p>



<p class="has-text-align-center has-text-color has-link-color wp-elements-4 wp-block-paragraph" style="color:#187a06;font-size:clamp(14.082px, 0.88rem + ((1vw - 3.2px) * 0.786), 21px);text-transform:capitalize"></p>



<p class="has-text-align-center has-text-color has-link-color wp-elements-5 wp-block-paragraph" style="color:#ffffff;font-size:clamp(0.875rem, 0.875rem + ((1vw - 0.2rem) * 0.591), 1.2rem);"></p>
</div>
</div>
</div></div>



<section class="wp-block-group alignfull has-text-color has-background has-global-padding is-layout-constrained wp-container-core-group-is-layout-f6fe7577 wp-block-group-is-layout-constrained" style="color:#112606;background-color:#fa98c899;margin-top:0rem;padding-right:1rem;padding-left:1rem;font-size:clamp(0.875rem, 0.875rem + ((1vw - 0.2rem) * 0.464), 1.13rem);font-style:normal;font-weight:400;line-height:1.5">
<div class="wp-block-group has-global-padding is-layout-constrained wp-container-core-group-is-layout-adc8232f wp-block-group-is-layout-constrained" style="padding-top:5.01rem;padding-bottom:4.01rem">
<div class="wp-block-columns is-not-stacked-on-mobile is-layout-flex wp-container-core-columns-is-layout-b7e0327f wp-block-columns-is-layout-flex">
<div class="wp-block-column has-global-padding is-layout-constrained wp-container-core-column-is-layout-7b705ad2 wp-block-column-is-layout-constrained" style="border-right-style:none;border-right-width:0px;padding-right:1rem;padding-left:1rem">
<h6 class="wp-block-heading has-text-align-center has-text-color has-hedvig-letters-serif-regular-font-family" style="color:#20561e;margin-bottom:0.51rem;font-size:clamp(1.551rem, 1.551rem + ((1vw - 0.2rem) * 1.907), 2.6rem);line-height:1.3;text-transform:capitalize"><strong>Lien</strong></h6>



<p class="has-text-align-center has-text-color wp-block-paragraph" style="color:#20561e;margin-top:0px;margin-bottom:1.77rem;font-size:clamp(0.875rem, 0.875rem + ((1vw - 0.2rem) * 0.409), 1.1rem);font-style:normal;font-weight:500;line-height:1.5">connexion à soi-même, aux autres, à la nature</p>
</div>



<div class="wp-block-column has-global-padding is-layout-constrained wp-container-core-column-is-layout-7b705ad2 wp-block-column-is-layout-constrained" style="border-right-style:none;border-right-width:0px;padding-right:1rem;padding-left:1rem">
<h6 class="wp-block-heading has-text-align-center has-text-color has-hedvig-letters-serif-regular-font-family" style="color:#20561e;margin-bottom:0.51rem;font-size:clamp(1.551rem, 1.551rem + ((1vw - 0.2rem) * 1.907), 2.6rem);line-height:1.3;text-transform:capitalize"><strong>Nature</strong></h6>



<p class="has-text-align-center has-text-color wp-block-paragraph" style="color:#20561e;margin-top:0px;margin-bottom:1.77rem;font-size:clamp(0.875rem, 0.875rem + ((1vw - 0.2rem) * 0.409), 1.1rem);font-style:normal;font-weight:500;line-height:1.5">forêt, flore et animaux</p>
</div>



<div class="wp-block-column has-global-padding is-layout-constrained wp-container-core-column-is-layout-7b705ad2 wp-block-column-is-layout-constrained" style="padding-right:1rem;padding-left:1rem">
<h6 class="wp-block-heading has-text-align-center has-text-color has-hedvig-letters-serif-regular-font-family" style="color:#20561e;margin-bottom:0.51rem;font-size:clamp(1.551rem, 1.551rem + ((1vw - 0.2rem) * 1.907), 2.6rem);line-height:1.3;text-transform:capitalize"><strong>Joie</strong></h6>



<p class="has-text-align-center has-text-color wp-block-paragraph" style="color:#20561e;margin-top:0px;margin-bottom:1.77rem;font-size:clamp(0.875rem, 0.875rem + ((1vw - 0.2rem) * 0.409), 1.1rem);font-style:normal;font-weight:500;line-height:1.5">humour, jeux, danse, chant, activités artistiques et mouvement corporel</p>
</div>
</div>
</div>
</section>



<div class="wp-block-cover alignfull is-light"><span aria-hidden="true" class="wp-block-cover__background has-background-dim-100 has-background-dim" style="background-color:#f2f2f2"></span><div class="wp-block-cover__inner-container has-global-padding is-layout-constrained wp-container-core-cover-is-layout-828a6807 wp-block-cover-is-layout-constrained">
<div class="wp-block-group alignfull has-text-color has-link-color wp-elements-6 has-global-padding is-layout-constrained wp-container-core-group-is-layout-8d189c29 wp-block-group-is-layout-constrained" style="color:#20561e;padding-top:80px;padding-bottom:80px">
<div class="wp-block-columns alignwide is-layout-flex wp-container-core-columns-is-layout-f56f613f wp-block-columns-is-layout-flex">
<div class="wp-block-column is-layout-flow wp-block-column-is-layout-flow" style="padding-right:10px;padding-left:10px;flex-basis:50%">
<div class="wp-block-group is-content-justification-center is-nowrap is-layout-flex wp-container-core-group-is-layout-88c01e81 wp-block-group-is-layout-flex">
<div class="wp-block-group has-global-padding is-content-justification-left is-layout-constrained wp-container-core-group-is-layout-6a6b8725 wp-block-group-is-layout-constrained" style="padding-bottom:10px">
<h2 class="wp-block-heading has-text-color has-link-color wp-elements-7" style="color:#187a06"><strong>Notre vision</strong></h2>



<p class="wp-block-paragraph">Un lieu pilote en Suisse offrant des séjours d’intégration d’une à 4 semaines, mêlant accompagnement thérapeutique, vie communautaire, connexion à la nature et suivi scientifique rigoureux, avec perspective de création d’un modèle reproductible.</p>



<p class="wp-block-paragraph"></p>



<p class="wp-block-paragraph"></p>
</div>
</div>
</div>



<div class="wp-block-column is-layout-flow wp-block-column-is-layout-flow" style="padding-right:10px;padding-left:10px;flex-basis:50%">
<figure class="wp-block-image aligncenter size-full has-custom-border"><img loading="lazy" decoding="async" width="2560" height="1707" src="https://espaceintegra.ch/wp-content/uploads/2025/08/pexels-mrwson-4275885-1-scaled.jpg" alt="" class="wp-image-98" style="border-radius:16px" srcset="https://espaceintegra.ch/wp-content/uploads/2025/08/pexels-mrwson-4275885-1-scaled.jpg 2560w, https://espaceintegra.ch/wp-content/uploads/2025/08/pexels-mrwson-4275885-1-300x200.jpg 300w, https://espaceintegra.ch/wp-content/uploads/2025/08/pexels-mrwson-4275885-1-1024x683.jpg 1024w, https://espaceintegra.ch/wp-content/uploads/2025/08/pexels-mrwson-4275885-1-768x512.jpg 768w, https://espaceintegra.ch/wp-content/uploads/2025/08/pexels-mrwson-4275885-1-1536x1024.jpg 1536w, https://espaceintegra.ch/wp-content/uploads/2025/08/pexels-mrwson-4275885-1-2048x1365.jpg 2048w" sizes="auto, (max-width: 2560px) 100vw, 2560px" /></figure>



<div class="wp-block-group has-global-padding is-layout-constrained wp-block-group-is-layout-constrained">
<div class="wp-block-columns is-layout-flex wp-container-core-columns-is-layout-f56f613f wp-block-columns-is-layout-flex">
<div class="wp-block-column is-layout-flow wp-block-column-is-layout-flow" style="flex-basis:100%"></div>
</div>
</div>
</div>
</div>
</div>
</div></div>



<p class="wp-block-paragraph"></p>

<p>Lien connexion à soi-même, aux autres, à la nature Nature forêt, flore et animaux Joie humour, jeux, danse, chant, activités artistiques et mouvement corporel</p>
